4d0
Convert c83 (base 15) to base 8.
5407
What is 34a (base 11) in base 16?
1a1
23141 (base 5) to base 7
4605
-13030223 (base 4) to base 12
-1508b
Convert -136a6 (base 11) to base 2.
-100110000010100
Convert -1871 (base 11) to base 13.
-110b
What is 2101020 (base 3) in base 2?
11011000110
-121200212 (base 3) to base 14
-4617
Convert 35553 (base 7) to base 11.
6a05
Convert 1106a (base 11) to base 3.
211000101
What is 658 (base 13) in base 2?
10000111111
128440 (base 9) to base 6
1402443
What is -200111202 (base 3) in base 12?
-7985
-608 (base 13) to base 7
-2660
251b (base 12) to base 5
113244
-1359 (base 11) to base 3
-2102010
Convert -242230 (base 5) to base 16.
-2369
Convert -35011 (base 6) to base 2.
-1001101101111
What is -8707 (base 12) in base 6?
-152411
-100100001 (base 2) to base 10
-289
Convert 1d80 (base 15) to base 8.
14424
29f2 (base 16) to base 6
121414
1851 (base 9) to base 15
64d
-11200021 (base 3) to base 8
-6521
2021211200 (base 3) to base 14
12601
Convert 112520 (base 6) to base 8.
22740
What is -26b3 (base 15) in base 7?
-33051
210012 (base 3) to base 11
480
199 (base 10) to base 6
531
What is -7634 (base 11) in base 5?
-310310
-5550 (base 8) to base 6
-21304
What is -22831 (base 9) in base 2?
-11101110011000
-110 (base 15) to base 4
-3300
-208 (base 12) to base 15
-14b
What is -2112 (base 7) in base 4?
-23220
Convert -6805 (base 11) to base 15.
-29c4
Convert 6534 (base 8) to base 9.
4620
294 (base 13) to base 8
713
-89 (base 12) to base 14
-77
What is -416 (base 8) in base 4?
-10032
What is -2442 (base 8) in base 12?
-916
-203 (base 16) to base 7
-1334
47813 (base 9) to base 8
76407
Convert -2ac (base 13) to base 7.
-1254
Convert 41012 (base 5) to base 12.
1634
Convert 21407 (base 8) to base 5.
241332
8a8 (base 16) to base 10
2216
What is 29624 (base 10) in base 6?
345052
What is -314 (base 16) in base 11?
-657
Convert 100101100 (base 2) to base 8.
454
-10623 (base 12) to base 13
-9ac8
What is 122102 (base 3) in base 9?
572
Convert 121022 (base 3) to base 15.
1e5
Convert -40131 (base 7) to base 8.
-22713
-2235 (base 6) to base 12
-37b
Convert 421422 (base 5) to base 11.
a566
-550010 (base 6) to base 15
-d696
-2010 (base 6) to base 14
-234
-10011011011 (base 2) to base 7
-3424
Convert 1321130 (base 4) to base 15.
2482
Convert 25ad (base 16) to base 13.
450c
Convert 6466 (base 8) to base 9.
4567
-1461 (base 15) to base 5
-114431
What is 135 (base 12) in base 2?
10111001
1120 (base 7) to base 16
196
-bbc (base 14) to base 13
-1098
What is -753 (base 11) in base 9?
-1215
-1166 (base 8) to base 16
-276
What is 434431 (base 6) in base 7?
210004
332231 (base 5) to base 8
26456
What is 100000110 (base 2) in base 12?
19a
Convert -7230 (base 13) to base 4.
-3312030
What is -50676 (base 10) in base 8?
-142764
Convert -92a (base 11) to base 5.
-13441
What is -f455 (base 16) in base 5?
-4000144
What is -202200 (base 5) in base 7?
-25045
22766 (base 8) to base 14
3782
What is -101100101110101 (base 2) in base 13?
-a568
What is -1260 (base 11) in base 5?
-23024
What is -342 (base 11) in base 10?
-409
1368 (base 12) to base 10
2240
-1bb (base 12) to base 6
-1155
Convert -21133 (base 4) to base 14.
-315
-3c11 (base 14) to base 5
-314344
Convert 30304 (base 5) to base 6.
13014
4134 (base 6) to base 9
1234
Convert -274 (base 16) to base 3.
-212021
What is 101100010001 (base 2) in base 8?
5421
-3592 (base 10) to base 8
-7010
What is -1694 (base 14) in base 2?
-111111010010
Convert 2d1 (base 16) to base 5.
10341
-111010110011111 (base 2) to base 12
-15513
-37452 (base 8) to base 15
-4bd0
1231320 (base 6) to base 5
4111212
Convert -1011111110 (base 2) to base 12.
-53a
What is -4022 (base 7) in base 5?
-21023
Convert -220 (base 13) to base 7.
-1030
What is 12012102 (base 3) in base 9?
5172
What is 198 (base 10) in base 7?
402
Convert 11001101 (base 2) to base 11.
177
What is -111210 (base 5) in base 4?
-331122
What is 480 (base 11) in base 2?
1000111100
What is 2330020 (base 4) in base 11?
9056
465b (base 13) to base 12
5872
Convert -1100111110110 (base 2) to base 7.
-25243
-112033 (base 5) to base 7
-14500
Convert -365 (base 9) to base 7.
-611
What is 5024 (base 8) in base 15?
b70
What is -4412 (base 5) in base 4?
-21133
What is -2251 (base 6) in base 2?
-1000010111
Convert 231230 (base 4) to base 11.
2219
Convert -20613 (base 12) to base 16.
-a56f
-10000000110010 (base 2) to base 5
-230432
What is -11863 (base 10) in base 4?
-2321113
What is -1c84 (base 13) in base 14?
-1817
Convert -20213213 (base 4) to base 15.
-a6d8
Convert -780 (base 9) to base 2.
-1001111111
What is -851 (base 9) in base 2?
-1010110110
-12541 (base 7) to base 2
-110100100001
Convert -11255 (base 10) to base 12.
-661b
-164e (base 15) to base 9
-6522
What is 1a84 (base 15) in base 14?
2149
10110212 (base 3) to base 16
9e6
Convert -2247 (base 11) to base 15.
-d20
Convert -10554 (base 6) to base 8.
-2746
Convert 2d79 (base 15) to base 2.
10011000111101
Convert -6fac (base 16) to base 8.
-67654
Convert 25034 (base 6) to base 16.
e6e
7a04 (base 14) to base 15
6417
What is -b8b3 (base 12) in base 7?
-113112
-1db (base 15) to base 12
-2bb
-202212222 (base 3) to base 8
-35573
What is -377 (base 15) in base 5?
-11122
12 (base 4) to base 9
6
Convert -100100021 (base 3) to base 8.
-15233
What is -23363 (base 7) in base 3?
-22021002
Convert -3c2 (base 16) to base 7.
-2543
-103030 (base 5) to base 14
-13d1
Convert 438 (base 10) to base 7.
1164
Convert -340 (base 8) to base 9.
-268
Convert 225 (base 11) to base 6.
1125
-100111011011101 (base 2) to base 4
-10323131
What is -11001000010000 (base 2) in base 13?
-5aab
What is -3301 (base 5) in base 12?
-317
Convert -1a0 (base 14) to base 12.
-240
Convert -1106 (base 7) to base 3.
-112202
1121020 (base 3) to base 14
5d5
3032121 (base 4) to base 8
31631
-187b3 (base 12) to base 11
-24908
What is 16488 (base 9) in base 6?
124255
Convert -a94 (base 11) to base 2.
-10100100001
What is -26c (base 16) in base 4?
-21230
233155 (base 6) to base 5
1121114
Convert -1422141 (base 5) to base 10.
-29671
6d (base 16) to base 5
414
What is -13386 (base 9) in base 4?
-2031231
-677 (base 9) to base 8
-1054
Convert 100012 (base 4) to base 3.
1102011
Convert 472 (base 11) to base 16.
233
Convert -b72 (base 12) to base 3.
-2021212
-153 (base 12) to base 8
-317
-10420 (base 5) to base 3
-1000020
What is 24777 (base 11) in base 4?
20223101
Convert 109 (base 11) to base 15.
8a
What is 15cd (base 16) in base 11?
4214
What is 3125 (base 12) in base 7?
21422
22222 (base 9) to base 6
152202
2a3 (base 13) to base 6
2103
What is -2002 (base 4) in base 16?
-82
What is -3275 (base 9) in base 13?
-113c
15414 (base 7) to base 16
10e3
What is -12738 (base 9) in base 12?
-4ba5
-dd91 (base 16) to base 12
-289a9
Convert -111265 (base 8) to base 12.
-19899
What is -11200 (base 4) in base 9?
-431
Convert -1498 (base 10) to base 16.
-5da
-1a026 (base 13) to base 2
-1100010110000011
Convert -221300 (base 4) to base 11.
-200a
1ded (base 16) to base 10
7661
5175 (base 11) to base 12
3b76
-102120221 (base 3) to base 8
-20401
110101001 (base 2) to base 8
651
What is 1010100 (base 2) in base 4?
1110
Convert -266 (base 14) to base 9.
-585
What is 27477 (base 9) in base 16?
48bb
1848 (base 9) to base 7
4100
Convert -25a (base 13) to base 8.
-635
1543 (base 8) to base 10
867
-10203210 (base 4) to base 5
-1044120
What is 75b (base 15) in base 10?
1661
-24d (base 14) to base 5
-3321
Convert 128e (base 15) to base 9.
5378
-282 (base 11) to base 14
-19a
What is 11002 (base 5) in base 6?
3252
What is 4000 (base 9) in base 2?
101101100100
-317 (base 9) to base 4
-10003
-26222 (base 9) to base 16
-450e
What is 16830 (base 14) in base 12?
28836
15ab (base 12) to base 14
d23
Convert 11001010011110 (base 2) to base 9.
18687
-1000111000000 (base 2) to base 16
-11c0
2448 (base 15) to base 7
31334
What is c615 (base 15) in base 12?
20292
-84c (base 13) to base 3
-1221110
What is 101001010100 (base 2) in base 14?
d6c
What is -a82 (base 11) in base 7?
-3535
Convert -1ad49 (base 14) to base 11.
-47495
Convert -21959 (base 10) to base 13.
-9cc2
Convert -220343 (base 6) to base 16.
-4767
-22015 (base 7) to base 4
-1111330
Convert 3112a (base 11) to base 9.
68252
What is e50 (base 16) in base 15?
1144
Co